1 - (49 - 48 - (3 - -3))?
12
Calculate -8 - -7 - (-13 - -1).
11
9 + (-9 - -12) + 7
19
What is the value of 7 - (16 + -11 - 9)?
11
Evaluate -4 + -3 - (-8 - (6 + -3 - 7)).
-3
Evaluate 6 + 5 + -3 + 10.
18
What is -11 + 1 - (1 + -2 - (16 + -14))?
-7
What is -26 + (-6 + 32 + -9 - 3)?
-12
Calculate (-1 - (2 + -13)) + -16 + 4.
-2
13 + -5 - ((9 - 4) + -4)
7
8 - ((20 - -7) + -15)
-4
0 - -1 - (-4 + -9 + -1)
15
What is (-29 + 8 - 0) + (9 - 6)?
-18
Calculate -4 - (-33 + 28 + 4).
-3
What is the value of -10 - (0 - (-10 + 10))?
-10
What is (0 - -6) + (729 - 743)?
-8
(-4 - -13) + -24 - (-2 - 3 - 2)
-8
What is the value of (12 - (1 - 2)) + -48 + 40?
5
Calculate 7 - (6 + 1 + 0 - (-1 - -7)).
6
What is the value of (-2 - (8 - (11 + -2 + -4))) + 0?
-5
What is the value of -17 + 2 - 4 - -17?
-2
Calculate -1 - -4 - (42 + 12 + -59).
8
Calculate (14 - (21 + -19)) + -2 + 3 + 3.
16
11 + (6 - 17 - 6)
-6
Calculate -1 - 2 - -8 - (15 - 11).
1
What is 2 - -7 - 0 - (-4 - (26 + -48))?
-9
What is (-153 - -163) + 1 + 3 + 0?
14
Evaluate -71 - -101 - (0 - (-12 + 2)).
20
What is the value of 11 + -24 + (-14 - -9) + 4?
-14
(2 + -4 + 9 - (-27 + 30)) + 11
15
Evaluate 22 + -5 + 11 + -7 + -1.
20
Evaluate 0 - 6 - (-2 - 4 - 3 - -4).
-1
5 - (1 + -1 + 14 + -28 + 37)
-18
What is the value of 6 - (-8 - -13 - (7 - 16))?
-8
What is 0 + 4 + (-10 + -33 - -33)?
-6
Evaluate 44 - (15 - -19) - (1 - 5).
14
What is (-12 - -21) + -57 + 40?
-8
What is the value of -22 + 18 - (-6 + (-2 - -1)) - -19?
22
What is the value of (-13 - -18 - 15) + 7?
-3
Evaluate -3 + -2 + 6 + 11 + 5.
17
73 - 57 - (1 - 2)
17
What is the value of 2 - 2 - (17 + -19) - (-9 + 2)?
9
What is 16 + -13 + 6 + 1?
10
Calculate 11 + (0 - 5) + -29 + -13.
-36
Calculate 38 - (15 - -16) - (14 + -1).
-6
What is the value of (7 + 0 - 1) + -2 + 1?
5
Calculate 23 + 5 + (-5 - 4 - (0 - 2)).
21
Evaluate 14 - (18 + (-11 - -17)).
-10
6 - -11 - 25 - 25
-33
What is the value of (14 - (13 + 11)) + 0?
-10
20 - 29 - -34 - 8
17
What is (-2 - -1) + -1 - (-15 + 25 + -5)?
-7
What is the value of 11 + -3 + -2 - 11?
-5
What is the value of -24 + 1 + 389 + -391?
-25
Evaluate 10 + 0 - 9 - 5 - (1 + 6).
-11
What is the value of -1 + 3 + -9 + (6 - (15 + -16))?
0
Calculate (1 - 3) + 2 + 23 + 121 + -123.
21
What is the value of -7 - (3 - (-3 + 17))?
4
Evaluate (14 + -7 + -11 - -15) + (-1 - -1).
11
(2 - 1) + -1 + 0 + (160 - 168)
-8
What is the value of -15 - 14 - -11 - -9 - -36?
27
What is -7 - ((17 - 29) + 6)?
-1
What is 5 + -19 - (13 + 0 - 6)?
-21
What is -6 + 1 + 3 + 4 + 8?
10
What is 7 - (0 + -2) - (-169 - -172)?
6
Evaluate -5 - (-10 + 5 - -8).
-8
Calculate -34 - (-12 - (40 - 37)).
-19
Calculate 536 + -543 - (-31 + 1).
23
Calculate (-15 - 7 - -15 - -15) + (0 - -16).
24
Calculate (24 - 1) + (65 - 84) + 3.
7
Calculate 18 - ((-13 - (8 - 17)) + 0 + 9).
13
What is the value of (0 - -1) + -1 + -25 + 17 + -3?
-11
Calculate (2 - (15 - 1)) + (159 - 158).
-11
Evaluate 13 + -7 + -1 + -8 - -6.
3
Evaluate 7 - (-2 + 4 - (1 - 1)) - 18.
-13
What is the value of 27 - (-5 + 25 + -14)?
21
Calculate 10 - (-19 + 8 + 4 - -13).
4
Calculate (18 - 22) + -4 + 1 + 8.
1
Evaluate 8 - (-7 - (5 + -8 + -3 + 9)).
18
Calculate 19 + (-9 - (7 - 8)) - (4 + -2).
9
Evaluate -6 - -1 - (-237 + 195).
37
Calculate -14 - (-19 + 3 + -13).
15
Calculate -1 - (-7 + (3 - 10) - -7) - -4.
10
What is (-12 - -6) + (-2 - 5) + (15 - 11)?
-9
What is 1 - (2 + 8 + -8) - (9 + 0)?
-10
What is 96 - 104 - (3 - 12)?
1
Calculate -5 + 7 - -1 - -6.
9
Calculate -1 + 0 + -2 + (-106 - -107).
-2
Evaluate 40 + (-34 - -41 - 31).
16
-5 - (0 + -15 + 1) - (5 - -16)
-12
Calculate -6 - (-6 - (-12 + 5)) - -5.
-2
What is 0 - (-6 + (-1 - (-5 + -9)))?
-7
What is the value of -10 + 3 + (19 - 3) + -4 + 1?
6
(-17 - (-8 + 0 + -3)) + 8 + -43
-41
What is the value of (-8 - (0 - 0)) + (160 - 149)?
3
What is the value of -13 + (-9 - (-24 - -10)) + -2?
-10
-26 + -2 + (20 - 2)
-10
What is 42 - (67 - 41) - (-3 - 0)?
19
What is the value of 1 - -1 - ((8 - (6 - -6)) + 7)?
-1
(-7 - (0 + -2) - 0) + 2 + 8
5
What is the value of -8 + (-9 - (-6 + -4) - -1) + 11?
5
-14 + -10 + 20 - 9 - (-5 - -1)
-9
Evaluate 24 - (16 - -23) - 10.
-25
Evaluate (-1 - -6) + -2 + -3 - -3 - -6.
9
Evaluate 14 - (-18 + 27 - 16 - 7).
28
Evaluate -5 + -3 + 20 - (-12 - -4).
20
What is the value of -33 + 2 - (5 - (12 + 1) - 0)?
-23
Calculate 5 + -8 + (16 - 7) - (25 - 1).
-18
What is 5 + -10 + 5 - (12 + -2) - -8?
-2
Calculate -4 + (17 - -1) + (-26 - -10) + 13.
11
What is the value of -4 + 0 + 0 - (-12 + 16)?
-8
What is the value of (1 - 57) + (199 - 175)?
-32
((0 - -2) + -4 - 2) + -8 + -3
-15
-2 + 8 + -13 + (3 + -13 - -34)
17
Calculate (-18 - -47 - 11) + -12.
6
What is -1 + (5 - 5) + 9 + 7?
15
What is 3 - (5 + -2) - ((-2 - -16) + -18)?
4
Calculate 11 + (2 - 15) + 10.
8
Evaluate 12 - (5 + 6 - 7 - 7).
15
Evaluate (73 - -1) + -482 + 438.
30
Calculate 43 - 53 - (36 + -4 + -6).
-36
What is -11 - (-6 + 4 + -5)?
-4
5 - ((1 - 11) + 18)
-3
Calculate (-191 - -161) + (-3 - -40).
7
Evaluate (-424 - -396) + 21 + -1.
-8
What is the value of (12 - 17) + (-4 + -5 - 0)?
-14
Calculate (-1416 - -1410) + (3 - -2) + -2 + 2.
-1
What is the value of 19 + 27 + -21 + -14?
11
What is the value of (-2 - -1) + (-3 - -4) - 5 - -10?
5
-3 + -4 + 33 + -60 + 29
-5
Evaluate (8 - (13 - -3)) + 19.
11
Calculate (-17 - -2) + (9 - -43).
37
Evaluate (2 + 1 - 7) + -3 - (2 - 12).
3
What is 0 - 1 - 2 - (38 + -17 + -28)?
4
Calculate 19 - (-5 - -9) - (-4 - -11).
8
What is the value of 22 - 11 - (0 + 5)?
6
What is -7 + (-33 - (15 - 49 - -19))?
-25
Evaluate -9 + 1 + 16 + (0 - (17 - -3)).
-12
Evaluate -3 - (2 - 0) - (-11 - 7).
13
-7 + 0 + 10 + -4 + -12
-13
What is the value of -32 + 51 + -27 + -3?
-11
Evaluate -30 - -11 - 3 - -21.
-1
What is the value of -8 - (-5 - (6 + -7)) - 3?
-7
Evaluate (40 - 7) + (-2 + -10 - -1).
22
Evaluate -1 + 6 + (-26 - -13 - 9).
-17
What is the value of -7 - (-1 - (-6 - (-3 - 1)))?
-8
Evaluate (4 + -1 - (7 - (7 - 3))) + -8.
-8
What is -2 + 6 + (-79 + 78 - (1 + 12))?
-10
What is 0 + (181 + -188 - (1 + -4))?
-4
What is -36 + 60 + 0 + 0 - (-15 - -12)?
27
What is (2 - -5) + -2 + 0 + (-522 - -522)?
5
What is the value of 4 + 22 + -25 - 3 - (0 - 22)?
20
(0 - -3) + 1 - 3 - (-1 - -3)
-1
What is 4 + (-1 - -6) + (3 - 4) + 1?
9
Calculate -6 - (8 + 4 + -17).
-1
What is the value of 13 + -7 + -1 + 6 - (9 - 2)?
4
Calculate (-6 - -2) + -15 - (16 - (20 + -10)).
-25
Calculate 28 + -32 + -3 - (3 + -2 - 6).
-2
-4 + 0 + 339 + -325
10
Evaluate -2 + -5 + (-4 - -17) + -9 + -14.
-17
What is 1 - (-5 - ((5 - 11) + 1))?
1
Calculate 6 - (-22 + 3 + 11).
14
What is the value of 0 - (1 - 21) - (-33 - -132 - 98)?
19
What is 15 + 12 + -20 + -12?
-5
-28 + 44 + (2 - 10 - -1)
9
What is the value of 8 + 0 + 4 + (3 - 11)?
4
What is (1 - -6) + 4 + 7 + 2 + -15?
5
What is (12 - (-21 + 42)) + -2?
-11
Evaluate -8 + 12 + (-7 - -8) - 12.
-7
Evaluate -16 + -2 + (11 - 10) - (-1 + 3).
-19
What is the value of -3 - ((-2 + 6 - -3) + -4) - -1?
-5
Calculate 12 + 0 + 0 + (-10 - (-12 + 1)).
13
What is the value of -13 - (-9 + (19 - 9 - 6) - -4)?
-12
What is the value of -9 + (-2 + 6 - (-18 + -19))?
32
What is the value of -10 - (-1 - (7 + 2 + -4))?
-4
Evaluate -2 + (19 - 21) - 9.
-13
What is 7 + (-1 - 0) + 0 - (4 + -4)?
6
Evaluate -13 - -9 - 5 - (-3 + -15).
9
22 - (-16 + (22 - 1))
17
Calculate 43 - 45 - (1 + 3) - (16 - 3).
-19
What is the value of -11 + 7 + 18 - 32?
-18
Calculate (-70 - -62) + 1 + (0 - 0).
-7
What is the value of -1 - -1 - (1 - (-7 - 17) - 63)?
38
Evaluate -57 + 30 + (31 - 2).
2
What is the value of -3 + -1 + 14 + 213 + -231?
-8
Calculate 23 - 26 - (0 + -17).
14
Evaluate 24 + -16 - (-2 + 11 + -25).
24
What is the value of 10 + -2 - (-5 - (-13 - -7))?
7
What is the value of -10 + -1 - (-87 + 79)?
-3
What is -14 + -14 + 8 + (0 - -9)?
-11
Evaluate -11 + 4 - -2 - (5 + -11) - 4.
-3
Evaluate -11 - (-50 - -42 - (1 + 5)).
3
Calculate 16 - (7 + 10) - (-1 + (6 - 25)).
19
(7 - (-4 + -6 + 15)) + -3
-1
Evaluate 8 + 5 + 12 + -5 + (1 - 42).
-21
Evaluate -5 - (11 + -8 + -3).
-5
What is (21 - 26) + (4 - (14 + -4) - -18)?
7
What is the value of -5 + (-5 - (46 - 44))?
-12
Calculate 2 + -3 + (-1 - -6) - (-4880 + 4888).
-4
What is the value of -2 + (-4 + 1 + 4 - 2) + 18?
15
Evaluate -10 + (-3 - -11) + (-5 - -1).
-6
-561 + 550 - (12 + (-1 - 1))
-21
Calculate 28 + (1 